{"id":2899,"date":"2025-10-08T16:10:13","date_gmt":"2025-10-08T14:10:13","guid":{"rendered":"https:\/\/chatoconfort.com\/?page_id=2899"},"modified":"2025-10-09T09:50:06","modified_gmt":"2025-10-09T07:50:06","slug":"cuir","status":"publish","type":"page","link":"https:\/\/chatoconfort.com\/index.php\/cuir\/","title":{"rendered":"Cuir"},"content":{"rendered":"\n<h2 class=\"wp-block-heading\"><\/h2>\n\n\n\n<h1 class=\"wp-block-heading has-text-align-center\">NOUVEAUT\u00c9S<\/h1>\n\n\n\n<div style=\"height:51px\" aria-hidden=\"true\" class=\"wp-block-spacer\"><\/div>\n\n\n\n<p><\/p>\n\n\n\n<hr class=\"wp-block-separator has-alpha-channel-opacity\"\/>\n\n\n\n<p><\/p>\n\n\n\n<div style=\"height:48px\" aria-hidden=\"true\" class=\"wp-block-spacer\"><\/div>\n\n\n\n<div class=\"wp-block-media-text is-stacked-on-mobile is-vertically-aligned-top\"><figure class=\"wp-block-media-text__media\"><img loading=\"lazy\" decoding=\"async\" width=\"1030\" height=\"455\" src=\"https:\/\/chatoconfort.com\/wp-content\/uploads\/2025\/10\/1-2-1030x455.jpg\" alt=\"\" class=\"wp-image-2938 size-full\" srcset=\"https:\/\/chatoconfort.com\/wp-content\/uploads\/2025\/10\/1-2-1030x455.jpg 1030w, https:\/\/chatoconfort.com\/wp-content\/uploads\/2025\/10\/1-2-300x133.jpg 300w, https:\/\/chatoconfort.com\/wp-content\/uploads\/2025\/10\/1-2-768x339.jpg 768w, https:\/\/chatoconfort.com\/wp-content\/uploads\/2025\/10\/1-2-705x312.jpg 705w, https:\/\/chatoconfort.com\/wp-content\/uploads\/2025\/10\/1-2.jpg 1052w\" sizes=\"auto, (max-width: 1030px) 100vw, 1030px\" \/><\/figure><div class=\"wp-block-media-text__content\">\n<h2 class=\"wp-block-heading has-text-align-center\">Canap\u00e9 PLANET<\/h2>\n\n\n\n<div style=\"height:41px\" aria-hidden=\"true\" class=\"wp-block-spacer\"><\/div>\n\n\n\n<h5 class=\"wp-block-heading has-text-align-center\">Structure: Bois de sapin, bois agglom\u00e9r\u00e9 et multicouche de peuplier.<br>Assises: Sangles \u00e9lastiques de haute r\u00e9sistance + mousse polyur\u00e9thane 35 kg.<br>Dossiers: Mousse polyur\u00e9thane 21 kg\/m3<br><\/h5>\n\n\n\n<div style=\"height:58px\" aria-hidden=\"true\" class=\"wp-block-spacer\"><\/div>\n\n\n\n<h5 class=\"wp-block-heading\">Toutes dimensions possibles avec ou sans chaise longue. Fixe ou Relax \u00e9lectrique.<\/h5>\n\n\n\n<div style=\"height:31px\" aria-hidden=\"true\" class=\"wp-block-spacer\"><\/div>\n<\/div><\/div>\n\n\n\n<div style=\"height:52px\" aria-hidden=\"true\" class=\"wp-block-spacer\"><\/div>\n\n\n\n<p><\/p>\n\n\n\n<hr class=\"wp-block-separator has-alpha-channel-opacity\"\/>\n\n\n\n<div style=\"height:53px\" aria-hidden=\"true\" class=\"wp-block-spacer\"><\/div>\n\n\n\n<p><\/p>\n\n\n\n<div class=\"wp-block-media-text is-stacked-on-mobile is-vertically-aligned-top\"><figure class=\"wp-block-media-text__media\"><img loading=\"lazy\" decoding=\"async\" width=\"878\" height=\"532\" src=\"https:\/\/chatoconfort.com\/wp-content\/uploads\/2025\/10\/Murano.jpg\" alt=\"\" class=\"wp-image-2941 size-full\" srcset=\"https:\/\/chatoconfort.com\/wp-content\/uploads\/2025\/10\/Murano.jpg 878w, https:\/\/chatoconfort.com\/wp-content\/uploads\/2025\/10\/Murano-300x182.jpg 300w, https:\/\/chatoconfort.com\/wp-content\/uploads\/2025\/10\/Murano-768x465.jpg 768w, https:\/\/chatoconfort.com\/wp-content\/uploads\/2025\/10\/Murano-705x427.jpg 705w\" sizes=\"auto, (max-width: 878px) 100vw, 878px\" \/><\/figure><div class=\"wp-block-media-text__content\">\n<h2 class=\"wp-block-heading has-text-align-center\">Canap\u00e9 Murano<\/h2>\n\n\n\n<div style=\"height:40px\" aria-hidden=\"true\" class=\"wp-block-spacer\"><\/div>\n\n\n\n<h5 class=\"wp-block-heading has-text-align-center\">Structure: Bois de sapin, bois agglom\u00e9r\u00e9 et multicouche de peuplier.<br>Assises: Sangles \u00e9lastiques de haute r\u00e9sistance + mousse polyur\u00e9thane 35 kg.<br>Dossiers: Mousse polyur\u00e9thane 18 kg\/m3<br><\/h5>\n\n\n\n<div style=\"height:52px\" aria-hidden=\"true\" class=\"wp-block-spacer\"><\/div>\n\n\n\n<h5 class=\"wp-block-heading has-text-align-center\">Toutes dimensions possibles avec ou sans chaise longue. Fixe ou Relax \u00e9lectrique.<\/h5>\n\n\n\n<p><\/p>\n<\/div><\/div>\n\n\n\n<div style=\"height:66px\" aria-hidden=\"true\" class=\"wp-block-spacer\"><\/div>\n\n\n\n<hr class=\"wp-block-separator has-alpha-channel-opacity\"\/>\n\n\n\n<div style=\"height:64px\" aria-hidden=\"true\" class=\"wp-block-spacer\"><\/div>\n\n\n\n<div class=\"wp-block-media-text is-stacked-on-mobile is-vertically-aligned-top\"><figure class=\"wp-block-media-text__media\"><img loading=\"lazy\" decoding=\"async\" width=\"1030\" height=\"559\" src=\"https:\/\/chatoconfort.com\/wp-content\/uploads\/2025\/10\/Elba-1030x559.jpg\" alt=\"\" class=\"wp-image-2953 size-full\" srcset=\"https:\/\/chatoconfort.com\/wp-content\/uploads\/2025\/10\/Elba-1030x559.jpg 1030w, https:\/\/chatoconfort.com\/wp-content\/uploads\/2025\/10\/Elba-300x163.jpg 300w, https:\/\/chatoconfort.com\/wp-content\/uploads\/2025\/10\/Elba-768x417.jpg 768w, https:\/\/chatoconfort.com\/wp-content\/uploads\/2025\/10\/Elba-705x383.jpg 705w, https:\/\/chatoconfort.com\/wp-content\/uploads\/2025\/10\/Elba.jpg 1087w\" sizes=\"auto, (max-width: 1030px) 100vw, 1030px\" \/><\/figure><div class=\"wp-block-media-text__content\">\n<h2 class=\"wp-block-heading has-text-align-center\">Canap\u00e9 ELBA<\/h2>\n\n\n\n<div style=\"height:58px\" aria-hidden=\"true\" class=\"wp-block-spacer\"><\/div>\n\n\n\n<h5 class=\"wp-block-heading has-text-align-center\">Structure: Bois de sapin, bois agglom\u00e9r\u00e9 et multicouche de peuplier.<br>Assises: Sangles \u00e9lastiques de haute r\u00e9sistance + mousse polyur\u00e9thane 35 kg.<br>Dossiers: Mousse polyur\u00e9thane 18 kg\/m3<\/h5>\n\n\n\n<div style=\"height:47px\" aria-hidden=\"true\" class=\"wp-block-spacer\"><\/div>\n\n\n\n<h5 class=\"wp-block-heading has-text-align-center\">Toutes dimensions possibles avec ou sans chaise longue. Fixe ou Relax \u00e9lectrique.<\/h5>\n\n\n\n<p><\/p>\n<\/div><\/div>\n\n\n\n<div style=\"height:100px\" aria-hidden=\"true\" class=\"wp-block-spacer\"><\/div>\n","protected":false},"excerpt":{"rendered":"<p>NOUVEAUT\u00c9S<\/p>\n","protected":false},"author":1,"featured_media":0,"parent":0,"menu_order":0,"comment_status":"closed","ping_status":"closed","template":"","meta":{"footnotes":""},"class_list":["post-2899","page","type-page","status-publish","hentry"],"yoast_head":"<!-- This site is optimized with the Yoast SEO plugin v21.7 - https:\/\/yoast.com\/wordpress\/plugins\/seo\/ -->\n<title>Cuir - Chato Confort<\/title>\n<meta name=\"robots\" content=\"index, follow, max-snippet:-1, max-image-preview:large, max-video-preview:-1\" \/>\n<link rel=\"canonical\" href=\"https:\/\/chatoconfort.com\/index.php\/cuir\/\" \/>\n<meta property=\"og:locale\" content=\"fr_FR\" \/>\n<meta property=\"og:type\" content=\"article\" \/>\n<meta property=\"og:title\" content=\"Cuir - Chato Confort\" \/>\n<meta property=\"og:description\" content=\"NOUVEAUT\u00c9S\" \/>\n<meta property=\"og:url\" content=\"https:\/\/chatoconfort.com\/index.php\/cuir\/\" \/>\n<meta property=\"og:site_name\" content=\"Chato Confort\" \/>\n<meta property=\"article:modified_time\" content=\"2025-10-09T07:50:06+00:00\" \/>\n<meta property=\"og:image\" content=\"https:\/\/chatoconfort.com\/wp-content\/uploads\/2025\/10\/1-2-1030x455.jpg\" \/>\n<meta name=\"twitter:card\" content=\"summary_large_image\" \/>\n<meta name=\"twitter:label1\" content=\"Dur\u00e9e de lecture estim\u00e9e\" \/>\n\t<meta name=\"twitter:data1\" content=\"2 minutes\" \/>\n<script type=\"application\/ld+json\" class=\"yoast-schema-graph\">{\"@context\":\"https:\/\/schema.org\",\"@graph\":[{\"@type\":\"WebPage\",\"@id\":\"https:\/\/chatoconfort.com\/index.php\/cuir\/\",\"url\":\"https:\/\/chatoconfort.com\/index.php\/cuir\/\",\"name\":\"Cuir - Chato Confort\",\"isPartOf\":{\"@id\":\"https:\/\/chatoconfort.com\/#website\"},\"datePublished\":\"2025-10-08T14:10:13+00:00\",\"dateModified\":\"2025-10-09T07:50:06+00:00\",\"breadcrumb\":{\"@id\":\"https:\/\/chatoconfort.com\/index.php\/cuir\/#breadcrumb\"},\"inLanguage\":\"fr-FR\",\"potentialAction\":[{\"@type\":\"ReadAction\",\"target\":[\"https:\/\/chatoconfort.com\/index.php\/cuir\/\"]}]},{\"@type\":\"BreadcrumbList\",\"@id\":\"https:\/\/chatoconfort.com\/index.php\/cuir\/#breadcrumb\",\"itemListElement\":[{\"@type\":\"ListItem\",\"position\":1,\"name\":\"Accueil\",\"item\":\"https:\/\/chatoconfort.com\/index.php\/accueil-matelas-canapes-sommie\/\"},{\"@type\":\"ListItem\",\"position\":2,\"name\":\"Cuir\"}]},{\"@type\":\"WebSite\",\"@id\":\"https:\/\/chatoconfort.com\/#website\",\"url\":\"https:\/\/chatoconfort.com\/\",\"name\":\"WordPress chatoconfort.com\",\"description\":\"Prix, Qualit\u00e9, Service, l&#039;Engagement Chato Confort\",\"publisher\":{\"@id\":\"https:\/\/chatoconfort.com\/#organization\"},\"potentialAction\":[{\"@type\":\"SearchAction\",\"target\":{\"@type\":\"EntryPoint\",\"urlTemplate\":\"https:\/\/chatoconfort.com\/?s={search_term_string}\"},\"query-input\":\"required name=search_term_string\"}],\"inLanguage\":\"fr-FR\"},{\"@type\":\"Organization\",\"@id\":\"https:\/\/chatoconfort.com\/#organization\",\"name\":\"WordPr\",\"url\":\"https:\/\/chatoconfort.com\/\",\"logo\":{\"@type\":\"ImageObject\",\"inLanguage\":\"fr-FR\",\"@id\":\"https:\/\/chatoconfort.com\/#\/schema\/logo\/image\/\",\"url\":\"https:\/\/chatoconfort.com\/wp-content\/uploads\/2024\/01\/Logo_340pxx156px.jpg\",\"contentUrl\":\"https:\/\/chatoconfort.com\/wp-content\/uploads\/2024\/01\/Logo_340pxx156px.jpg\",\"width\":340,\"height\":156,\"caption\":\"WordPr\"},\"image\":{\"@id\":\"https:\/\/chatoconfort.com\/#\/schema\/logo\/image\/\"}}]}<\/script>\n<!-- \/ Yoast SEO plugin. -->","yoast_head_json":{"title":"Cuir - Chato Confort","robots":{"index":"index","follow":"follow","max-snippet":"max-snippet:-1","max-image-preview":"max-image-preview:large","max-video-preview":"max-video-preview:-1"},"canonical":"https:\/\/chatoconfort.com\/index.php\/cuir\/","og_locale":"fr_FR","og_type":"article","og_title":"Cuir - Chato Confort","og_description":"NOUVEAUT\u00c9S","og_url":"https:\/\/chatoconfort.com\/index.php\/cuir\/","og_site_name":"Chato Confort","article_modified_time":"2025-10-09T07:50:06+00:00","og_image":[{"url":"https:\/\/chatoconfort.com\/wp-content\/uploads\/2025\/10\/1-2-1030x455.jpg"}],"twitter_card":"summary_large_image","twitter_misc":{"Dur\u00e9e de lecture estim\u00e9e":"2 minutes"},"schema":{"@context":"https:\/\/schema.org","@graph":[{"@type":"WebPage","@id":"https:\/\/chatoconfort.com\/index.php\/cuir\/","url":"https:\/\/chatoconfort.com\/index.php\/cuir\/","name":"Cuir - Chato Confort","isPartOf":{"@id":"https:\/\/chatoconfort.com\/#website"},"datePublished":"2025-10-08T14:10:13+00:00","dateModified":"2025-10-09T07:50:06+00:00","breadcrumb":{"@id":"https:\/\/chatoconfort.com\/index.php\/cuir\/#breadcrumb"},"inLanguage":"fr-FR","potentialAction":[{"@type":"ReadAction","target":["https:\/\/chatoconfort.com\/index.php\/cuir\/"]}]},{"@type":"BreadcrumbList","@id":"https:\/\/chatoconfort.com\/index.php\/cuir\/#breadcrumb","itemListElement":[{"@type":"ListItem","position":1,"name":"Accueil","item":"https:\/\/chatoconfort.com\/index.php\/accueil-matelas-canapes-sommie\/"},{"@type":"ListItem","position":2,"name":"Cuir"}]},{"@type":"WebSite","@id":"https:\/\/chatoconfort.com\/#website","url":"https:\/\/chatoconfort.com\/","name":"WordPress chatoconfort.com","description":"Prix, Qualit\u00e9, Service, l&#039;Engagement Chato Confort","publisher":{"@id":"https:\/\/chatoconfort.com\/#organization"},"potentialAction":[{"@type":"SearchAction","target":{"@type":"EntryPoint","urlTemplate":"https:\/\/chatoconfort.com\/?s={search_term_string}"},"query-input":"required name=search_term_string"}],"inLanguage":"fr-FR"},{"@type":"Organization","@id":"https:\/\/chatoconfort.com\/#organization","name":"WordPr","url":"https:\/\/chatoconfort.com\/","logo":{"@type":"ImageObject","inLanguage":"fr-FR","@id":"https:\/\/chatoconfort.com\/#\/schema\/logo\/image\/","url":"https:\/\/chatoconfort.com\/wp-content\/uploads\/2024\/01\/Logo_340pxx156px.jpg","contentUrl":"https:\/\/chatoconfort.com\/wp-content\/uploads\/2024\/01\/Logo_340pxx156px.jpg","width":340,"height":156,"caption":"WordPr"},"image":{"@id":"https:\/\/chatoconfort.com\/#\/schema\/logo\/image\/"}}]}},"_links":{"self":[{"href":"https:\/\/chatoconfort.com\/index.php\/wp-json\/wp\/v2\/pages\/2899","targetHints":{"allow":["GET"]}}],"collection":[{"href":"https:\/\/chatoconfort.com\/index.php\/wp-json\/wp\/v2\/pages"}],"about":[{"href":"https:\/\/chatoconfort.com\/index.php\/wp-json\/wp\/v2\/types\/page"}],"author":[{"embeddable":true,"href":"https:\/\/chatoconfort.com\/index.php\/wp-json\/wp\/v2\/users\/1"}],"replies":[{"embeddable":true,"href":"https:\/\/chatoconfort.com\/index.php\/wp-json\/wp\/v2\/comments?post=2899"}],"version-history":[{"count":38,"href":"https:\/\/chatoconfort.com\/index.php\/wp-json\/wp\/v2\/pages\/2899\/revisions"}],"predecessor-version":[{"id":2960,"href":"https:\/\/chatoconfort.com\/index.php\/wp-json\/wp\/v2\/pages\/2899\/revisions\/2960"}],"wp:attachment":[{"href":"https:\/\/chatoconfort.com\/index.php\/wp-json\/wp\/v2\/media?parent=2899"}],"curies":[{"name":"wp","href":"https:\/\/api.w.org\/{rel}","templated":true}]}}